. Let s be 54/4 + (-4)/16*-2. What is the remainder when 11 is divided by (-30)/(-7) - m/s?
3
Calculate the remainder when (-140)/(-18) - 14/(-63) is divided by 5.
3
Let i(c) = -c**3 + 5*c**2 - 4*c + 2. Let a be i(4). Let v = 74 - 25. Calculate the remainder when v is divided by 17 + 0 - (-2 + a).
15
Let i be ((-28)/10)/(3/(-45)). Suppose -n + i = 3*p - 4*n, 2*n + 4 = 0. Calculate the remainder when 35 is divided by p.
11
Let k(m) = m**3 + 8*m**2 - m - 4. Let z be k(-8). Suppose z*y = y + 33. What is the remainder when 21 is divided by y?
10
Let r be (-2)/(((-21)/66)/7). Let z(a) = -28*a - 1. What is the remainder when z(-2) is divided by 3/(-1) + r/2?
17
Let g be 0 + 9 - (-10)/5. Suppose g - 61 = -5*a. Calculate the remainder when a is divided by 4.
2
Suppose 3*x = -1 - 2. Let b(h) = -15*h**3 - h - 1. Calculate the remainder when 43 is divided by b(x).
13
Suppose -2*n - 4*f + 88 = 0, n + 2*f = 6*n - 160. Suppose -n = -o - 3*o + 3*z, 6 = 3*z. Calculate the remainder when 19 is divided by o.
9
Suppose -26*f = -27*f + 10. What is the remainder when 27 is divided by f?
7
Let c = -3 + -9. Let p be (-4)/((-16)/(-5))*c. Let f = p + -4. Calculate the remainder when 32 is divided by f.
10
Let l(h) = 0 - 7*h - 2 - 2 + 0. What is the remainder when l(-7) is divided by 23?
22
Suppose -g - 10 = -57. Let b = 38 - 26. What is the remainder when g is divided by b?
11
Suppose -5*o = -15 + 5. Calculate the remainder when 25 is divided by (13/o)/(2/4).
12
Let t be 21*1 - (-15)/(-5). Suppose t = k - 0*k. Suppose -2*j - 11 = -5*n + 20, -2*n - 2*j + k = 0. Calculate the remainder when 12 is divided by n.
5
Let m(w) = -9*w + 4. Calculate the remainder when 59 is divided by m(-3).
28
Suppose -3*a + 7 = 1. Let r = -6 - -11. What is the remainder when r is divided by a?
1
Let r(l) = -l**2 - 7*l - 1. What is the remainder when r(-6) is divided by 4?
1
Let w be 28/(-21)*(-3 + 0). Suppose -h + 3*g = -22, 4*h = 6*h + w*g - 44. What is the remainder when h is divided by 12?
10
Let l = -42 + 46. Calculate the remainder when 4 is divided by l.
0
Suppose 0 = -5*i + 2*w + 127, 10*i - 45 = 8*i - 5*w. Calculate the remainder when i is divided by 9 + (1 + -1)/1.
7
Let x(i) = i**2 - 3*i. Let h be x(7). Suppose 147 = 5*a - h. Calculate the remainder when a is divided by 9.
8
Let f be (-10)/(-4)*(-12)/(-10). Let c = -2 + f. Calculate the remainder when 1 is divided by c.
0
Let v(o) = 19*o - 9. What is the remainder when v(4) is divided by 17?
16
Suppose -2*z + 4 = -2*s, -5*s - z = -2*s + 2. Let u(q) = -6*q + 1. What is the remainder when u(s) is divided by 2?
1
Suppose 3*z + z + 68 = 0. Let y = -8 - z. What is the remainder when 24 is divided by y?
6
Let n(d) = 2*d**2 + 7*d + 7. What is the remainder when n(-6) is divided by 19?
18
Let a(j) = j**3 + 7*j**2 + 6*j + 3. Let y(z) = 4*z**2 - z + 4. What is the remainder when y(-3) is divided by a(-5)?
20
Let d(h) = -h**2 - 3*h**2 + 4*h**2 - 57*h**3 + h**2. What is the remainder when d(-1) is divided by 30?
28
Let x = -8 + 8. Let u(k) = -k + 52. Calculate the remainder when u(x) is divided by 18.
16
Suppose -2*y + 0*y + 26 = 0. Suppose 175 = -0*x + 5*x. Calculate the remainder when x is divided by y.
9
Suppose 0*u + 4 = -u. Calculate the remainder when (3 - u/(-2)) + 2 is divided by 2.
1
Let x be (7 - 6) + 3*-1. Calculate the remainder when 94/6 + x/3 is divided by 8.
7
Let q = 17 + 16. Calculate the remainder when q is divided by 7.
5
Let a be (1 - 2) + (-6 - -6). What is the remainder when a*1 - (-2 - 3) is divided by ((-2)/3)/(6/(-27))?
1
Suppose 0 = -2*t - 2*c + 14, -8*t + 3*t + 2*c + 56 = 0. What is the remainder when 448/t - (-4)/20 is divided by 16?
13
Suppose 0 = -4*b - 4, 0 = -3*l - 2*b - b - 3. Let g = l - -13. Calculate the remainder when g is divided by 7.
6
Let x = -2 - -27. What is the remainder when 66 is divided by x?
16
Suppose -5*i = -2*z + z - 442, 274 = 3*i - 5*z. Suppose 4*h - 4*l - 84 = 0, 4*l + i = 4*h - l. Calculate the remainder when 49 is divided by h.
15
Calculate the remainder when 15 is divided by 85/34*(-24)/(-10).
3
Let d(l) = l**3 + 11*l**2 + 8*l - 4. Suppose 2*v + 10 = -2*b, -22 = 5*v - 2*b + 38. Calculate the remainder when 30 is divided by d(v).
14
Let q = -31 + 10. Let w = q + 31. Let j = -4 - -21. What is the remainder when j is divided by w?
7
Suppose 0 = -5*a - 0*a + 5. Let f(w) be the second derivative of 2*w**5/5 - w**4/12 - w**3/6 + w**2/2 - 2*w. Calculate the remainder when 25 is divided by f(a).
4
Let q = -28 - -42. What is the remainder when 51 is divided by q?
9
Let k(f) = f**2 + 7*f + 11. Calculate the remainder when k(-7) is divided by 4.
3
Calculate the remainder when 3/((-15)/(-890) - 0) is divided by 10.
8
Suppose -k = -x + 4*x - 26, -4*x + 163 = 5*k. What is the remainder when k is divided by 12?
11
Suppose 3*i + 55 = 8*i. Suppose -2*x + 2*k - k + 258 = 0, 4*x - 504 = -4*k. Suppose 0 = 2*s + 2*s - x. Calculate the remainder when s is divided by i.
10
Let m = 16 + -3. Calculate the remainder when 35 is divided by m.
9
Let j = 54 - 1. Calculate the remainder when 211 is divided by j.
52
Suppose 75 = 9*a - 24. Calculate the remainder when a is divided by 8.
3
Let c be 7 - (1 + -3*1). Suppose 2*m - 5*x = -x + 20, x + c = m. Calculate the remainder when 110/m*(6 - 2) is divided by 19.
17
Suppose -y + 164 = 4*w, 2*w - 4*y - 205 = -3*w. What is the remainder when w is divided by 15?
11
Suppose 0 = 5*z + 24 + 1, -5*z - 10 = 5*o. What is the remainder when 5 is divided by o?
2
Suppose 0 = -0*s + 3*s - 39. What is the remainder when 50 is divided by s?
11
Suppose i + 5*d = 3 + 2, -4*i + 2*d + 20 = 0. Let b be 1/(-2) - (-1)/2. Suppose b = 2*s - 3*s + 3. What is the remainder when i is divided by s?
2
Let r = 26 - -8. Calculate the remainder when r is divided by 18.
16
Let s = 13 + -7. Let l = 8 + -12. What is the remainder when (-140)/(-15) + l/(-6) is divided by s?
4
Let z be (-37)/(-1) - (-1 + 2). Suppose 0*v = 3*v - z. What is the remainder when 34 is divided by v?
10
Let t(q) = -q**2 - q + 5. Let v(a) = a**2 + 7*a + 10. Let f be v(-5). What is the remainder when 8 is divided by t(f)?
3
Let t = 24 - 5. What is the remainder when t is divided by 7?
5
Suppose j = -2*j + 99. Suppose -2*z + 4*z - 2*d = 6, -5*z - d + j = 0. Calculate the remainder when z is divided by 2.
0
Let d(i) = 6*i**2. Let u be d(-1). Suppose -g + u + 11 = 0. Suppose b = 4*r - b - 32, 2*b - g = -3*r. Calculate the remainder when 13 is divided by r.
6
What is the remainder when 1*(-187)/(-2) + 1/2 is divided by 24?
22
Let g be ((-1)/1)/(2/38). Let t = g - -29. Suppose 0 = -5*d + 2*d + 2*m + t, 3*d + 3*m - 30 = 0. Calculate the remainder when 16 is divided by d.
4
What is the remainder when 51 is divided by (1/(-2))/(4/(-216))?
24
What is the remainder when 13 is divided by (2/(-4))/((-15)/150)?
3
Let q(w) = -w**3 - 7*w**2 + 14*w + 8. Calculate the remainder when q(-9) is divided by 15.
14
Let r(a) = -3*a**2 - 1 - 11*a - 11 + 2*a**2. What is the remainder when (-42)/(-8)*(4 - 0) is divided by r(-9)?
3
Suppose 5*n = 2*n - 282. Let c = -64 - n. Calculate the remainder when c is divided by 8.
6
Let j = 12 + -7. Let q be 21*1/(3/5). Suppose j*k - 40 = q. Calculate the remainder when 29 is divided by k.
14
Let g = 108 + -70. Suppose 4*d - 100 = 4*j, -d + 0*j - 5*j = 5. What is the remainder when g is divided by d?
18
Suppose -2*d = -4*d. Let k = 0 + d. Suppose -q + 2 = -o - 4, k = -2*q + 4*o + 14. What is the remainder when 9 is divided by q?
4
Suppose 5*i + 1 = 11. What is the remainder when 9 is divided by i?
1
Let y(k) = -k + 2. Let g = -1 + 3. Suppose d - 12 = -g*d. Calculate the remainder when y(-5) is divided by d.
3
Let o = 26 + 14. Suppose 3*b - 2 = 40. What is the remainder when o is divided by b?
12
Suppose 4*w + 9 = -31. Let z = w + 47. Calculate the remainder when z is divided by 13.
11
Let s(a) = 16*a. Let g(b) = -5*b**2 - 8*b + 7. Let u(n) = n**2 + n - 1. Let h(q) = g(q) + 6*u(q). What is the remainder when s(1) is divided by h(-2)?
7
Let r = -16 - -7. Let g(o) = -o + 4. What is the remainder when 50 is divided by g(r)?
11
Let a = 401 + -222. What is the remainder when a is divided by 13?
10
Let t = 9 + -8. Let l(n) = 6*n**3 + n**2 + n - 1. Suppose 0 = -2*g - g + 36. What is the remainder when g is divided by l(t)?
